 -988, 3*d + 7*i - r = 4*i. List the prime factors of d.
2, 5, 7
Let m(p) = -26*p - 29. Let t be m(-6). Let z = t - 194. Let d = 78 + z. List the prime factors of d.
11
Suppose 26*u - 23596609 + 2546131 = -361*u. What are the prime factors of u?
2, 27197
Suppose 4484*v - 60828 = 4472*v. What are the prime factors of v?
37, 137
List the prime factors of ((1875/30)/25 - 4)*(-92492)/3.
2, 19, 1217
Let j(p) = 3*p**3 - 4*p**2 + 14*p - 5. Let g be j(6). Let x = -328 + g. List the prime factors of x.
3, 5, 17
Let p(s) = 4*s**2 + 52*s + 37. Let d be (-29 - -30)*17*-1. What are the prime factors of p(d)?
3, 103
Let y be -6 + 5 + -3 - -27. Suppose 2257 = y*n - 894. What are the prime factors of n?
137
Let c be (7 - 5)/(-2) - (2 - 343). Let g = -122 + c. List the prime factors of g.
2, 109
Let r = -333 + 547. Let q = 484 + r. List the prime factors of q.
2, 349
Suppose -1791*l - 27480 = -1799*l. What are the prime factors of l?
3, 5, 229
Let u = 167 + -567. Let v = u - -840. What are the prime factors of v?
2, 5, 11
Suppose 0 = -3*r + 5 + 7. Suppose 80 = 4*d + 16*d. Suppose 0 = y - r, -d*j + 24 = 3*y - 5*y. What are the prime factors of j?
2
Let i(s) = 7*s**2 + 24*s - 44. Let m be i(13). Let o = m - 879. What are the prime factors of o?
2, 11, 13
Let w = -40 + -22. Let n = w - 28. Let c = -34 - n. List the prime factors of c.
2, 7
Let i = 1099 - -496. List the prime factors of i.
5, 11, 29
What are the prime factors of (-59*1)/(61/122 - (-119)/(-236))?
2, 59
Let g = -2475 - -54072. List the prime factors of g.
3, 7, 13
Let b = -16 - -4132. Suppose 28*c - b = 2660. What are the prime factors of c?
2, 11
Suppose -18*j + 2*s - 53848 = -20*j, -55*s + 385 = 0. List the prime factors of j.
11, 2447
Suppose 569896 = 41*c - 59798 + 23263. What are the prime factors of c?
7, 2113
Suppose -5*n = 3*u, -5 = -4*u - 10*n + 5*n. Let y(k) = 52*k + 67. What are the prime factors of y(u)?
3, 109
Let u = 35 - 363. Let k = 622 + u. List the prime factors of k.
2, 3, 7
List the prime factors of (300/80)/(9/18120).
2, 5, 151
Let y = -56 + 62. Suppose 2*i = -y*i - 56. What are the prime factors of (9 + i)/(2/117)?
3, 13
Let t(u) = -4*u - 6. Let d(o) = -7*o - 14. Let q(g) = 6*d(g) - 14*t(g). List the prime factors of q(25).
2, 5, 7
Let g be ((-12)/4 - 0)/(-2 - 1). Let f be (-3 + 7 + -3)/g. List the prime factors of ((-399)/42)/(f/(-4)).
2, 19
Let s(l) = 4*l**3 - 5*l**2 - 3. Let v be s(5). Suppose 2*m - 14*m + v = 0. What are the prime factors of m?
31
Let h be ((-2)/(-3))/(44/(-330)). Let s(o) = -19*o + 34. What are the prime factors of s(h)?
3, 43
Let t be (-1 - 12)/(-3 + 30/15). Suppose 1238 = 2*c - 4*x, -t*c = -12*c + x - 610. List the prime factors of c.
613
Let t(i) = -9*i + 6. Let d(z) = 1. Let f(v) = 3*d(v) - t(v). Let b(u) = u - 1. Let l(o) = 4*b(o) - f(o). List the prime factors of l(-2).
3
Let j = 52 - 22. Suppose 0 = j*r - 26*r - 12. Suppose -4*s = d - 265, -r*s + 139 + 68 = -2*d. What are the prime factors of s?
67
Suppose -2*a + 2*h = -66028 - 67416, 5*h = -35. What are the prime factors of a?
5, 11, 1213
Let a be (-12)/15 + 1/(10/38). Suppose a*o - p = -5*p + 1713, 2*o - 1140 = -2*p. What are the prime factors of o?
3, 7
Let b(j) = -4*j + 10*j + 9*j - 12 - 16*j - j**2 + 13*j. Suppose 0*m - 3*m = -24. List the prime factors of b(m).
2, 5
Let t = 280 + -236. What are the prime factors of t?
2, 11
Suppose 4*f + 85 = 5*n, -4*n - 3*f + 79 = -4*f. Let p(c) = 3*c**2 - 15*c - 115. What are the prime factors of p(n)?
19, 47
Let d = -27610 + 58725. List the prime factors of d.
5, 7, 127
Suppose 4*x + 1134*g - 1132*g = 126222, 31569 = x + 5*g. List the prime factors of x.
2, 3, 1753
Suppose w - 5341 = 5*q, 4*q + 11 - 7 = 0. What are the prime factors of w?
2, 23, 29
Suppose -299137 = 162*m - 3003535 - 1016418. What are the prime factors of m?
2, 3, 11, 29
Let w(a) = 5*a**2 + 27*a - 40. Let h = -706 + 723. List the prime factors of w(h).
2, 233
Suppose 102*s - 812157 = -19128 + 570201. What are the prime factors of s?
3, 5, 11
Suppose -4*m = m - 15. Suppose k - m*w - 680 = -4*k, -4*k + 551 = -w. Let u = k + -44. What are the prime factors of u?
5, 19
Let k = -303 + 353. Let d(o) = -46*o + 4. Let s be d(-3). Suppose -2*u + s = -k. List the prime factors of u.
2, 3
Let k = 232 + 168. Suppose -3*h + 3*t + 2*t = -k, -4*t = -3*h + 401. Suppose 18*m - 23*m = -h. List the prime factors of m.
3
Suppose 15 + 93 = -4*v. Let o be v/(-15)*10/3. What are the prime factors of 75/(-10)*(-20)/o?
5
List the prime factors of (6834/119)/(9/420).
2, 5, 67
Let s(q) = 12*q**2 - 55*q - 1693. List the prime factors of s(-35).
2, 3733
Suppose -5*c - 3936 = -11241. Let w = c - 977. What are the prime factors of w?
2, 11
Let j = 276 - 277. Suppose p = 10 - 3. List the prime factors of (-12)/42 + (j - (-359)/p).
2, 5
Let m(z) = -2*z**2 - 8*z + 4*z**2 + 5 + 9*z. Let d(b) = -3*b**2 + 6*b - 9. Let h be d(2). What are the prime factors of m(h)?
2, 79
Suppose -2615 = -3*h + 5*l, -l + 5*l = h - 860. Let o = h - 380. List the prime factors of o.
2, 5
Let u(d) = -d**2 - 4*d - 10. Let z(l) = -l - 1. Let b(g) = -u(g) - 3*z(g). Let p be b(-6). Suppose p*t - 5*t - 272 = 0. What are the prime factors of t?
2, 17
Let m be -4 + 8/((-3)/(-3)). Suppose -4 = -m*n + 4. Suppose 486 = 5*u - f, 5*u + n*f = 331 + 152. What are the prime factors of u?
97
Suppose 9*r = 225 + 3483. Suppose 26*q - r = 628. What are the prime factors of q?
2, 5
Let i(a) = a**3 - 37*a**2 - 37*a - 33. Let c be i(38). Suppose 10*k + c*v = 11*k - 944, -k - 4*v = -899. What are the prime factors of k?
919
Suppose -144*p - 28 = -137*p. What are the prime factors of ((-21)/p)/((-206)/104 + 2)?
3, 7, 13
Let o be ((-21)/(-3) + 3 + -3)*96. Let w = 1252 - o. What are the prime factors of w?
2, 5, 29
Suppose 44 = -9*b + 215. Let g(j) = j**2 - 10*j + 42. Let w be g(b). Let z = 322 - w. What are the prime factors of z?
109
Let c = -231 + 147. List the prime factors of (-2)/7 + (-38328)/c.
2, 3, 19
What are the prime factors of (-13 + 15 - 1*4) + (-11 - -10166)?
11, 13, 71
Let c(l) = -4105*l - 591. What are the prime factors of c(-2)?
19, 401
List the prime factors of 829410/120 - (-2)/8.
2, 3
Let y(u) = 3*u**2 - 8*u + 7. Suppose 5*o = 0, 2*x + 3*x + 3*o - 60 = 0. What are the prime factors of y(x)?
7
Suppose 3*k - 1 = -7*s + 3*s, 0 = -4*k + 5*s - 40. List the prime factors of (1 + 3 - -1)*(-268)/k.
2, 67
Let t(o) = 2*o**2 - 18*o - 5. Let c(a) = -a**2 - a + 1. Let m(d) = -6*c(d) + t(d). What are the prime factors of m(6)?
5, 41
Let b = 14 - 11. Let z = -456 + 460. Suppose -b*i + 5*a + 101 = 0, 5*i - 165 = a + z*a. What are the prime factors of i?
2
Suppose 6*t + 18*t - 66 - 894 = 0. What are the prime factors of t?
2, 5
Let u = -15926 - -15945. Let j(z) = 20*z**2 - 10*z - z**3 - 31 + 5*z - 8*z. What are the prime factors of j(u)?
83
Suppose -k = k + 3*v - 11342, -4*v + 5681 = k. What are the prime factors of k?
5, 11, 103
Suppose 26*t + 2490 = 89798. What are the prime factors of t?
2, 23, 73
Let g = -4378 + 31890. List the prime factors of g.
2, 19, 181
Let s(r) = 211*r - 27. Let g(h) = -h + 1. Let z(y) = -2*g(y) - s(y). List the prime factors of z(-3).
2, 163
Let g(j) = -2*j**2 - 32*j - 36. Let v be g(-15). List the prime factors of 492*3/(-2)*2/v.
2, 3, 41
Let w = -6211 + 10128. What are the prime factors of w?
3917
Let q(s) = s**3 - 6*s**2 + 2*s - 12. Let w be q(6). Let i be -1 - (4*-3 - w/2). Suppose -g + 65 = -i. List the prime factors of g.
2, 19
Let c(t) = 35*t + 15*t + 2 - 88*t + 15*t + 22*t. Suppose -3*k = -7*k - 12. What are the prime factors of c(k)?
5
Let j be ((-19)/3 + 6)/((-2)/18). What are the prime factors of (-2320)/18*-3*j?
2, 5, 29
Suppose 0 = -5*x - 4*r + 259764, 0 = 4*r - 8 + 4. List the prime factors of x.
2, 17, 191
Suppose -5*l = -3*h - 0*h - 22, 2*h = 2. Suppose 3*m + l*m = -288. Let j = -12 - m. What are the prime factors of j?
2, 3
List the prime factors of (-21)/(-9) + (-18268592)/(-291).
3, 17, 1231
Suppose 3*i + 5 = 11. Suppose -i*p = -41 + 1. Suppose 50 + p = 3*w - g, 5*g = -3*w + 46. What are the prime factors of w?
2, 11
Let p be (-135)/40 - (-12)/32. What are the prime factors of (-39408)/(-80) + p/5?
2, 3, 41
Suppose -5 = -o + 16*g - 18*g, 2 = 4*o - g. Let f(j) = 555*j - 13. List the prime factors of f(o).
2, 271
Let f b